218?
301
Calculate the remainder when 2776420 is divided by 707.
31
What is the remainder when 467976 is divided by 1637?
1431
What is the remainder when 80948 is divided by 7947?
1478
What is the remainder when 6054460 is divided by 1009076?
4
Calculate the remainder when 2339875 is divided by 58.
39
Calculate the remainder when 1536477 is divided by 237.
6
Calculate the remainder when 26990932 is divided by 8996959.
55
What is the remainder when 180279 is divided by 1515?
1509
What is the remainder when 41365 is divided by 5155?
125
Calculate the remainder when 46968563 is divided by 165.
158
Calculate the remainder when 1660021 is divided by 444.
349
Calculate the remainder when 3469944 is divided by 3469913.
31
What is the remainder when 36422 is divided by 18011?
400
What is the remainder when 40775048 is divided by 5912?
5896
What is the remainder when 10682775 is divided by 1975?
0
Calculate the remainder when 624736 is divided by 55.
46
Calculate the remainder when 74520 is divided by 763.
509
What is the remainder when 74512 is divided by 7418?
332
What is the remainder when 514931 is divided by 178?
155
What is the remainder when 228096 is divided by 45618?
6
Calculate the remainder when 1389174038 is divided by 4460.
4458
What is the remainder when 37268139 is divided by 49?
13
Calculate the remainder when 58505927 is divided by 184.
183
What is the remainder when 42754 is divided by 2606?
1058
Calculate the remainder when 2058 is divided by 203.
28
Calculate the remainder when 416033 is divided by 416010.
23
What is the remainder when 63529596 is divided by 12281?
12264
Calculate the remainder when 9683756 is divided by 7002.
6992
What is the remainder when 6701557 is divided by 70542?
67
What is the remainder when 141647511 is divided by 29?
27
What is the remainder when 1384386 is divided by 92272?
306
What is the remainder when 1688760 is divided by 41?
11
What is the remainder when 71297369 is divided by 114?
59
What is the remainder when 144835 is divided by 624?
67
What is the remainder when 70930543 is divided by 503?
501
Calculate the remainder when 59285691 is divided by 19761894.
9
What is the remainder when 123218 is divided by 41022?
152
Calculate the remainder when 58485163 is divided by 149.
130
Calculate the remainder when 2865100 is divided by 7.
0
Calculate the remainder when 76455307 is divided by 3377.
27
Calculate the remainder when 767646 is divided by 2187.
9
What is the remainder when 3810063 is divided by 82?
15
What is the remainder when 31583 is divided by 36?
11
What is the remainder when 132478 is divided by 3785?
3
Calculate the remainder when 91936 is divided by 91865.
71
Calculate the remainder when 123863346 is divided by 2815075.
46
What is the remainder when 2037544 is divided by 8454?
130
What is the remainder when 305438 is divided by 910?
588
What is the remainder when 816357 is divided by 2796?
2721
Calculate the remainder when 22630951 is divided by 323.
279
What is the remainder when 45539133 is divided by 231?
24
What is the remainder when 212049 is divided by 23503?
522
Calculate the remainder when 144857 is divided by 1418.
221
What is the remainder when 360926022 is divided by 2325?
2322
What is the remainder when 681374 is divided by 42373?
3406
What is the remainder when 75362498 is divided by 3970?
3958
Calculate the remainder when 36303897 is divided by 300.
297
What is the remainder when 433009 is divided by 2867?
92
What is the remainder when 65554256 is divided by 492889?
19
Calculate the remainder when 30769758 is divided by 6927.
24
Calculate the remainder when 1718516 is divided by 11850.
266
What is the remainder when 1439662 is divided by 479749?
415
Calculate the remainder when 468897 is divided by 979.
935
Calculate the remainder when 17711243 is divided by 176.
11
Calculate the remainder when 67065 is divided by 1016.
9
What is the remainder when 32696 is divided by 8139?
140
What is the remainder when 3454731 is divided by 1717?
127
Calculate the remainder when 472702 is divided by 415.
17
Calculate the remainder when 236945 is divided by 448.
401
What is the remainder when 3006597 is divided by 61?
29
What is the remainder when 1497479 is divided by 129?
47
What is the remainder when 595551 is divided by 266?
243
What is the remainder when 1396396 is divided by 2701?
2680
What is the remainder when 14903 is divided by 1167?
899
What is the remainder when 311626 is divided by 62188?
686
Calculate the remainder when 121357 is divided by 40410.
127
What is the remainder when 877496 is divided by 7200?
6296
Calculate the remainder when 11882631 is divided by 1420.
71
What is the remainder when 422258 is divided by 422236?
22
What is the remainder when 1281126 is divided by 802?
332
What is the remainder when 443696170 is divided by 174?
172
What is the remainder when 479184 is divided by 95806?
154
Calculate the remainder when 540914 is divided by 2355.
1619
What is the remainder when 1226660 is divided by 128?
36
Calculate the remainder when 5437469 is divided by 27052.
17
What is the remainder when 1574468 is divided by 4?
0
Calculate the remainder when 673436 is divided by 28059.
20
What is the remainder when 37175 is divided by 6336?
5495
Calculate the remainder when 1053587 is divided by 1730.
17
Calculate the remainder when 6248972 is divided by 892706.
30
What is the remainder when 3662938 is divided by 17526?
4
Calculate the remainder when 18626215 is divided by 33.
25
Calculate the remainder when 19437446 is divided by 18.
2
What is the remainder when 19830383 is divided by 194415?
53
Calculate the remainder when 4052592 is divided by 250.
92
What is the remainder when 594006 is divided by 2561?
2415
Calculate the remainder when 23037389 is divided by 3839564.
5
Calculate the remainder when 183910 is divided by 1585.
50
Calculate the remainder when 8258712 is divided by 2064674.
16
Calculate the remainder when 190368 is divided by 900.
468
Calculate the remainder when 102819 is divided by 51153.
513
What is the remainder when 246855334 is divided by 1608?
1606
Calculate the remainder when 343360 is divided by 9035.
30
Calculate the remainder when 2830937 is divided by 225.
212
Calculate the remainder when 2329294 is divided by 7.
2
What is the remainder when 4561723 is divided by 1256?
1187
What is the remainder when 109820 is divided by 109501?
319
Calculate the remainder when 963620739 is divided by 17.
15
Calculate the remainder when 162661 is divided by 8560.
21
Calculate the remainder when 61936488 is divided by 1816.
1808
What is the remainder when 139456824 is divided by 3526?
3524
What is the remainder when 27027883 is divided by 377?
376
What is the remainder when 108656 is divided by 3626?
3502
What is the remainder when 88990 is divided by 1307?
114
What is the remainder when 4434649 is divided by 27?
7
Calculate the remainder when 20586 is divided by 216.
66
What is the remainder when 5645300 is divided by 57?
20
What is the remainder when 24209 is divided by 3608?
2561
Calculate the remainder when 2093550 is divided by 57.
54
What is the remainder when 185956 is divided by 123?
103
Calculate the remainder when 16043687 is divided by 181.
28
Calculate the remainder when 7956 is divided by 7709.
247
What is the remainder when 31556333 is divided by 973?
970
What is the remainder when 1326746589 is divided by 4218?
4215
Calculate the remainder when 181855 is divided by 5670.
415
What is the remainder when 214791 is divided by 781?
16
What is the remainder when 73061648 is divided by 711?
710
What is the remainder when 360787 is divided by 309?
184
Calculate the remainder when 1303929 is divided by 1193.
1173
What is the remainder when 23275696 is divided by 17?
10
What is the remainder when 75975 is divided by 314?
301
What is the remainder when 4515341 is divided by 25366?
193
What is the remainder when 180220 is divided by 89967?
286
Calculate the remainder when 254888 is divided by 63459.
1052
Calculate the remainder when 63287 is divided by 1918.
1911
Calculate the remainder when 1003390 is divided by 2922.
1144
What is the remainder when 22533 is divided by 4477?
148
Calculate the remainder when 2899576 is divided by 1752.
16
Calculate the remaind